{"id":22,"date":"2015-08-29T22:53:44","date_gmt":"2012-05-01T09:32:48","guid":{"rendered":"http:\/\/lavigne-france.com\/?page_id=22"},"modified":"2017-01-09T09:54:49","modified_gmt":"2017-01-09T07:54:49","slug":"presentation","status":"publish","type":"page","link":"https:\/\/lavigne-france.com\/?page_id=22&lang=fr","title":{"rendered":"Pr\u00e9sentation"},"content":{"rendered":"<p style=\"text-align: left;\"><span style=\"color: #800080;\"><a href=\"http:\/\/lavigne-france.com\/wp-content\/uploads\/2012\/05\/celebration.jpg\"><img loading=\"lazy\" decoding=\"async\" class=\"alignleft size-full wp-image-62\" title=\"C\u00e9l\u00e9bration sur la colline du ch\u00e2teau \u00e0 Nice\" src=\"http:\/\/lavigne-france.com\/wp-content\/uploads\/2012\/05\/celebration.jpg\" alt=\"\" width=\"300\" height=\"225\" \/><\/a>Une \u00e9glise c&#8217;est une famille. Nous sommes une famille de personnes qui ont \u00e9t\u00e9 touch\u00e9es par l&#8217;amour de Dieu et qui cherchent \u00e0 adorer Dieu avec simplicit\u00e9 et authenticit\u00e9 et \u00e0 partager Son amour de fa\u00e7on pratique.<\/span><\/p>\n<p style=\"text-align: left;\"><span style=\"color: #800080;\">Nous faisons partie de la famille des \u00e9glises de la Vigne sur le plan international (Vineyard Churches).<\/span><\/p>\n<p style=\"text-align: left;\">\n<p style=\"text-align: left;\"><span style=\"color: #993366;\">Nous croyons que la Bible nous a \u00e9t\u00e9 donn\u00e9 principalement pour nous faire conna\u00eetre la personne de Dieu.\u00a0 Elle affirme que <strong>&#8220;Dieu est Amour&#8221;<\/strong>. Nous \u00e9tudions la Bible ensemble afin de mieux conna\u00eetre Dieu, recevoir son amour infini pour chacun d&#8217;entre nous et le r\u00e9pandre autour de nous de fa\u00e7on pratique.<\/span><\/p>\n<p style=\"text-align: center;\"><span style=\"color: #993366;\">Nous avons adopt\u00e9 <\/span><\/p>\n<p style=\"text-align: center;\"><span style=\"color: #993366;\">la Confession de Foi de l&#8217;<strong>Alliance Evang\u00e9lique<\/strong><\/span><\/p>\n<p align=\"JUSTIFY\"><strong><span style=\"color: #993366;\">Nous croyons :<\/span><\/strong><\/p>\n<p style=\"text-align: center;\" align=\"JUSTIFY\"><span style=\"color: #993366;\">Que l&#8217;Ecriture Sainte est la Parole infaillible de Dieu, autorit\u00e9 souveraine en mati\u00e8re de foi et de vie.<\/span><\/p>\n<p style=\"text-align: center;\" align=\"JUSTIFY\"><span style=\"color: #993366;\">En un seul Dieu, P\u00e8re, Fils, et Saint-Esprit de toute \u00e9ternit\u00e9.<\/span><\/p>\n<p style=\"text-align: center;\" align=\"JUSTIFY\"><span style=\"color: #993366;\">En J\u00e9sus-Christ notre Seigneur, Dieu manifest\u00e9 en chair, n\u00e9 de la vierge Marie, \u00e0 son humanit\u00e9 exempte de p\u00e9ch\u00e9, ses miracles, sa mort expiatoire et r\u00e9demptrice, sa r\u00e9surrection corporelle, son ascension, son \u0153uvre m\u00e9diatrice, son retour personnel dans la puissance et dans la gloire.<\/span><\/p>\n<p style=\"text-align: center;\" align=\"JUSTIFY\"><span style=\"color: #993366;\">Au salut de l&#8217;homme p\u00e9cheur et perdu, \u00e0 sa justification non par les \u0153uvres, mais par la seule foi, gr\u00e2ce au sang vers\u00e9 par J\u00e9sus-Christ notre Seigneur, \u00e0 sa r\u00e9g\u00e9n\u00e9ration par le Saint-Esprit.<\/span><\/p>\n<p style=\"text-align: center;\" align=\"JUSTIFY\"><span style=\"color: #993366;\">En l&#8217;Esprit Saint qui, venant demeurer en nous, nous donne le pouvoir de servir J\u00e9sus-Christ, de vivre une vie sainte et de rendre t\u00e9moignage.<\/span><\/p>\n<p style=\"text-align: center;\" align=\"JUSTIFY\"><span style=\"color: #993366;\">A l&#8217;unit\u00e9 v\u00e9ritable dans le Saint-Esprit de tous les croyants formant ensemble l&#8217;Eglise universelle, corps du Christ.<\/span><\/p>\n<p style=\"text-align: center;\" align=\"JUSTIFY\"><span style=\"color: #993366;\">A la r\u00e9surrection de tous : ceux qui sont perdus ressusciteront pour le jugement, ceux qui seront sauv\u00e9s ressusciteront pour la vie.<\/span><\/p>\n<p style=\"text-align: center;\" align=\"JUSTIFY\"><a title=\"Notre Confession de Foi\" href=\"http:\/\/lavigne-france.com\/?page_id=57\"><span style=\"color: #c33bab;\"><strong>Cliquez ici pour lire une Confession d Foi plus d\u00e9taill\u00e9e des Eglises de la Vigne francophones<\/strong><\/span><\/a><\/p>\n","protected":false},"excerpt":{"rendered":"<p>Une \u00e9glise c&#8217;est une famille. Nous sommes une famille de personnes qui ont \u00e9t\u00e9 touch\u00e9es par l&#8217;amour de Dieu et qui cherchent \u00e0 adorer Dieu avec simplicit\u00e9 et authenticit\u00e9 et \u00e0 partager Son amour de fa\u00e7on pratique. Nous faisons partie &hellip; <a href=\"https:\/\/lavigne-france.com\/?page_id=22&#038;lang=fr\">Continue reading <span class=\"meta-nav\">&rarr;<\/span><\/a><\/p>\n","protected":false},"author":2719,"featured_media":0,"parent":150,"menu_order":1,"comment_status":"closed","ping_status":"closed","template":"","meta":{"footnotes":""},"class_list":["post-22","page","type-page","status-publish","hentry"],"_links":{"self":[{"href":"https:\/\/lavigne-france.com\/index.php?rest_route=\/wp\/v2\/pages\/22","targetHints":{"allow":["GET"]}}],"collection":[{"href":"https:\/\/lavigne-france.com\/index.php?rest_route=\/wp\/v2\/pages"}],"about":[{"href":"https:\/\/lavigne-france.com\/index.php?rest_route=\/wp\/v2\/types\/page"}],"author":[{"embeddable":true,"href":"https:\/\/lavigne-france.com\/index.php?rest_route=\/wp\/v2\/users\/2719"}],"replies":[{"embeddable":true,"href":"https:\/\/lavigne-france.com\/index.php?rest_route=%2Fwp%2Fv2%2Fcomments&post=22"}],"version-history":[{"count":19,"href":"https:\/\/lavigne-france.com\/index.php?rest_route=\/wp\/v2\/pages\/22\/revisions"}],"predecessor-version":[{"id":526,"href":"https:\/\/lavigne-france.com\/index.php?rest_route=\/wp\/v2\/pages\/22\/revisions\/526"}],"up":[{"embeddable":true,"href":"https:\/\/lavigne-france.com\/index.php?rest_route=\/wp\/v2\/pages\/150"}],"wp:attachment":[{"href":"https:\/\/lavigne-france.com\/index.php?rest_route=%2Fwp%2Fv2%2Fmedia&parent=22"}],"curies":[{"name":"wp","href":"https:\/\/api.w.org\/{rel}","templated":true}]}}