{"id":25,"date":"2015-08-29T22:57:59","date_gmt":"2012-05-01T09:43:50","guid":{"rendered":"http:\/\/lavigne-france.com\/?page_id=25"},"modified":"2025-10-29T17:32:58","modified_gmt":"2025-10-29T15:32:58","slug":"contactez-nouz","status":"publish","type":"page","link":"https:\/\/lavigne-france.com\/?page_id=25&lang=fr","title":{"rendered":"Contactez-nous"},"content":{"rendered":"<p style=\"text-align: center;\"><span style=\"color: #800080;\"><strong><a href=\"http:\/\/lavigne-france.com\/wp-content\/uploads\/2012\/05\/grapes.jpg\"><img loading=\"lazy\" decoding=\"async\" class=\"alignleft size-full wp-image-64\" title=\"Eglises de la Vigne, Francophone\" src=\"http:\/\/lavigne-france.com\/wp-content\/uploads\/2012\/05\/grapes.jpg\" alt=\"Eglises de la Vigne, Francophone\" width=\"200\" height=\"247\" \/><\/a>N<span style=\"color: #6b0c6b;\">ous nous r\u00e9unissons le dimanche matin \u00e0 10h sur la colline du ch\u00e2teau \u00e0 Nice. <\/span><\/strong><\/span><\/p>\n<p style=\"text-align: center;\"><span style=\"color: #800080;\"><strong><span style=\"color: #6b0c6b;\">Pour plus d&#8217;informations ou si vous souhaitez vous joindre \u00e0 nous :<\/span><\/strong><\/span><\/p>\n<p style=\"text-align: center;\"><span style=\"color: #6b0c6b;\"><strong>Vous pouvez nous contacter par email \u00e0:\u00a0 alsangage@free.fr<\/strong><\/span><\/p>\n<p style=\"text-align: center;\"><span style=\"color: #6b0c6b;\"><strong>ou par t\u00e9l\u00e9phone<br \/>\n<\/strong><\/span><\/p>\n<p style=\"text-align: center;\"><span style=\"color: #6b0c6b;\"><strong>au 06 64 28 93 31 <\/strong><\/span><\/p>\n<p style=\"text-align: center;\"><span style=\"color: #800080;\"><strong><span style=\"color: #6b0c6b;\">\u00a0 \u00a0 \u00a0 \u00a0 \u00a0 \u00a0 \u00a0 \u00a0 \u00a0 \u00a0 \u00a0 \u00a0 \u00a0 \u00a0 \u00a0 \u00a0 \u00a0 \u00a0 \u00a0 \u00a0 \u00a0 \u00a0 \u00a0 \u00a0 \u00a0 \u00a0 \u00a0 \u00a0 \u00a0 \u00a0 \u00a0ou au 06 61 12 07 77<\/span><br \/>\n<\/strong><\/span><\/p>\n","protected":false},"excerpt":{"rendered":"<p>Nous nous r\u00e9unissons le dimanche matin \u00e0 10h sur la colline du ch\u00e2teau \u00e0 Nice. Pour plus d&#8217;informations ou si vous souhaitez vous joindre \u00e0 nous : Vous pouvez nous contacter par email \u00e0:\u00a0 alsangage@free.fr ou par t\u00e9l\u00e9phone au 06 &hellip; <a href=\"https:\/\/lavigne-france.com\/?page_id=25&#038;lang=fr\">Continue reading <span class=\"meta-nav\">&rarr;<\/span><\/a><\/p>\n","protected":false},"author":2719,"featured_media":0,"parent":150,"menu_order":2,"comment_status":"closed","ping_status":"closed","template":"","meta":{"footnotes":""},"class_list":["post-25","page","type-page","status-publish","hentry"],"_links":{"self":[{"href":"https:\/\/lavigne-france.com\/index.php?rest_route=\/wp\/v2\/pages\/25","targetHints":{"allow":["GET"]}}],"collection":[{"href":"https:\/\/lavigne-france.com\/index.php?rest_route=\/wp\/v2\/pages"}],"about":[{"href":"https:\/\/lavigne-france.com\/index.php?rest_route=\/wp\/v2\/types\/page"}],"author":[{"embeddable":true,"href":"https:\/\/lavigne-france.com\/index.php?rest_route=\/wp\/v2\/users\/2719"}],"replies":[{"embeddable":true,"href":"https:\/\/lavigne-france.com\/index.php?rest_route=%2Fwp%2Fv2%2Fcomments&post=25"}],"version-history":[{"count":11,"href":"https:\/\/lavigne-france.com\/index.php?rest_route=\/wp\/v2\/pages\/25\/revisions"}],"predecessor-version":[{"id":960,"href":"https:\/\/lavigne-france.com\/index.php?rest_route=\/wp\/v2\/pages\/25\/revisions\/960"}],"up":[{"embeddable":true,"href":"https:\/\/lavigne-france.com\/index.php?rest_route=\/wp\/v2\/pages\/150"}],"wp:attachment":[{"href":"https:\/\/lavigne-france.com\/index.php?rest_route=%2Fwp%2Fv2%2Fmedia&parent=25"}],"curies":[{"name":"wp","href":"https:\/\/api.w.org\/{rel}","templated":true}]}}