{"id":57,"date":"2015-08-12T18:36:55","date_gmt":"2015-08-12T16:36:55","guid":{"rendered":"http:\/\/lavigne-france.com\/?page_id=57"},"modified":"2024-11-14T01:50:37","modified_gmt":"2024-11-13T23:50:37","slug":"notre-confession-de-foi","status":"publish","type":"page","link":"https:\/\/lavigne-france.com\/?page_id=57&lang=fr","title":{"rendered":"Notre Confession de Foi"},"content":{"rendered":"<p align=\"center\"><span style=\"color: #7e2295;\"><strong>CONFESSION DE FOI<\/strong><\/span><\/p>\n<p align=\"center\"><span style=\"color: #7e2295;\"><strong>Des Eglises de la Vigne<\/strong><\/span><\/p>\n<p><a href=\"http:\/\/lavigne-france.com\/wp-content\/uploads\/2012\/05\/bible.jpg\"><img loading=\"lazy\" decoding=\"async\" class=\"alignleft size-medium wp-image-67\" title=\"La Bible\" src=\"http:\/\/lavigne-france.com\/wp-content\/uploads\/2012\/05\/bible-300x230.jpg\" alt=\"\" width=\"300\" height=\"230\" srcset=\"https:\/\/lavigne-france.com\/wp-content\/uploads\/2012\/05\/bible-300x230.jpg 300w, https:\/\/lavigne-france.com\/wp-content\/uploads\/2012\/05\/bible-1024x788.jpg 1024w, https:\/\/lavigne-france.com\/wp-content\/uploads\/2012\/05\/bible-389x300.jpg 389w\" sizes=\"auto, (max-width: 300px) 100vw, 300px\" \/><\/a><strong><span style=\"color: #7e2295;\">NOUS CROYONS que Dieu est le Roi \u00e9ternel. Il est un Esprit infini, invariable, parfait en saintet\u00e9, en sagesse, en bont\u00e9, en justice, en puissance et en amour. Il est de toute \u00e9ternit\u00e9 l&#8217;unique Dieu vivant et vrai, en trois personnes, d&#8217;une seule et m\u00eame essence, P\u00e8re, Fils et Saint-Esprit, \u00e9gaux en puissance et en gloire.<\/span><\/strong><\/p>\n<p>&nbsp;<\/p>\n<p><strong><span style=\"color: #7e2295;\">NOUS CROYONS que le royaume de Dieu est de toute \u00e9ternit\u00e9. De son tr\u00f4ne, par son Fils, sa Parole \u00e9ternelle, Dieu cr\u00e9a, soutient et r\u00e8gne sur tout ce qui existe: les lieux c\u00e9lestes, les arm\u00e9es c\u00e9lestes, l&#8217;univers, la terre et tout ce qui y vit et les \u00eatres humains. Tout ce que Dieu cr\u00e9a est tr\u00e8s bon.<\/span><\/strong><\/p>\n<p><strong><span style=\"color: #7e2295;\">NOUS CROYONS que Satan, \u00e0 l&#8217;origine un ange bon et puissant, se rebella contre Dieu, entra\u00eenant avec lui une arm\u00e9e d&#8217;anges. Il fut chass\u00e9 de la pr\u00e9sence de Dieu et \u00e9tablit comme usurpateur du r\u00e8gne de Dieu sur la terre, un royaume adverse et pernicieux de t\u00e9n\u00e8bres.<\/span><\/strong><\/p>\n<p><strong><span style=\"color: #7e2295;\">NOUS CROYONS que Dieu cr\u00e9a l&#8217;\u00eatre humain \u00e0 son image, homme et femme, pour \u00eatre en relation avec Lui et pour gouverner la terre. Cependant, nos premiers parents c\u00e9d\u00e8rent \u00e0 la pression de la tentation de Satan et, en cons\u00e9quence, furent s\u00e9par\u00e9s de la gr\u00e2ce de Dieu. La terre enti\u00e8re tomba sous le coup du p\u00e9ch\u00e9, de la maladie et du juste jugement de Dieu qui m\u00e8ne \u00e0 la mort. Depuis la chute, la cr\u00e9ation parfaite de Dieu est vuln\u00e9rable aux attaques de Satan et des puissances d\u00e9moniaques. La cr\u00e9ation subit maintenant les cons\u00e9quences et les effets du p\u00e9ch\u00e9 originel d&#8217;Adam. Les \u00eatres humains naissent p\u00e9cheurs, subissent la mort par le jugement de Dieu et sont captifs du royaume de t\u00e9n\u00e8bres de Satan.<\/span><\/strong><\/p>\n<p><strong><span style=\"color: #7e2295;\">NOUS CROYONS que Dieu n&#8217;a pas renonc\u00e9 \u00e0 son r\u00e8gne sur la terre, qu&#8217;Il continue de soutenir dans sa providence. Pour apporter la r\u00e9demption, Dieu conclut des alliances qui r\u00e9v\u00e9l\u00e8rent sa gr\u00e2ce aux p\u00e9cheurs. Dans l&#8217;alliance conclue avec Abraham, Dieu s&#8217;engagea personnellement envers le peuple d&#8217;Isra\u00ebl et promit de le d\u00e9livrer de l&#8217;esclavage du p\u00e9ch\u00e9 et de Satan et de b\u00e9nir toutes les nations \u00e0 travers Lui.<\/span><\/strong><\/p>\n<p><strong><span style=\"color: #7e2295;\">NOUS CROYONS que, plus tard, ce Dieu Roi d\u00e9livra son peuple de l&#8217;esclavage en \u00c9gypte par une d\u00e9monstration de sa puissance et qu&#8217;Il conclut une alliance avec Mo\u00efse qui r\u00e9v\u00e9la sa volont\u00e9 parfaite et l&#8217;obligation de s&#8217;y conformer. Le but de la loi est d&#8217;encadrer notre race d\u00e9chue et de nous rendre conscients de notre responsabilit\u00e9 morale. Par l&#8217;action de l&#8217;Esprit de Dieu, elle nous convainc de p\u00e9ch\u00e9 et du juste jugement de Dieu \u00e0 notre \u00e9gard et nous conduit \u00e0 Christ seul pour notre salut.<\/span><\/strong><\/p>\n<p><strong><span style=\"color: #7e2295;\">NOUS CROYONS que lorsque Isra\u00ebl rejeta Dieu en tant que Roi, Il institua la monarchie en Isra\u00ebl et conclut une alliance inconditionnelle avec David, avec la promesse que son h\u00e9ritier, le Messie r\u00e9tablirait le r\u00e8gne de Dieu sur son peuple \u00e0 jamais.<\/span><\/strong><\/p>\n<p><strong><span style=\"color: #7e2295;\">NOUS CROYONS qu&#8217;au moment propice, Dieu honora ses alliances avec Isra\u00ebl et ses promesses proph\u00e9tiques de salut en envoyant dans le monde son Fils unique, J\u00e9sus. Con\u00e7u du Saint-Esprit et n\u00e9 de la vierge Marie, parfaitement Dieu et parfaitement homme dans une m\u00eame personne, il est la repr\u00e9sentation de l&#8217;humanit\u00e9 telle que Dieu l&#8217;a voulue. J\u00e9sus re\u00e7ut l&#8217;onction comme Messie de Dieu et fut rev\u00eatu de puissance par le Saint-Esprit pour instaurer le r\u00e8gne de Dieu sur la terre. Il brisa le r\u00e8gne de Satan par sa victoire sur la tentation, par l&#8217;annonce de la Bonne Nouvelle du salut, par la gu\u00e9rison des malades, par l&#8217;expulsion des d\u00e9mons et par son pouvoir de ressusciter les morts. Il reconstitua le peuple de Dieu par le rassemblement de ses disciples en une \u00c9glise pour qu&#8217;elle devienne l&#8217;instrument pour l&#8217;avancement de son royaume. J\u00e9sus mourut pour les p\u00e9ch\u00e9s du monde et ressuscita des morts le troisi\u00e8me jour pour accomplir la promesse de b\u00e9n\u00e9diction donn\u00e9e \u00e0 Abraham. Par sa vie parfaite, sans p\u00e9ch\u00e9, J\u00e9sus a satisfait aux exigences de la loi et par sa mort expiatoire sur la croix, Il prit sur Lui le jugement que Dieu r\u00e9serve \u00e0 ceux qui transgressent la loi par le p\u00e9ch\u00e9. Sa mort sur la croix a \u00e9galement d\u00e9sarm\u00e9 les puissances d\u00e9moniaques. Les promesses de l&#8217;alliance conclue avec David furent accomplies par la naissance de J\u00e9sus dans la maison de David, son minist\u00e8re messianique, sa r\u00e9surrection glorieuse de la mort, son ascension et par son r\u00e8gne actuel \u00e0 la droite du P\u00e8re. Depuis et jusqu&#8217;\u00e0 pr\u00e9sent, en tant que Fils de Dieu et descendant de David, ce Roi-Messie \u00e9ternel fait avancer le r\u00e8gne de Dieu dans toutes les g\u00e9n\u00e9rations et \u00e0 travers le monde entier.<\/span><\/strong><\/p>\n<p><strong><span style=\"color: #7e2295;\">NOUS CROYONS que le Saint-Esprit fut r\u00e9pandu sur l&#8217;\u00c9glise \u00e0 la Pentec\u00f4te avec puissance pour baptiser les croyants dans le Corps de Christ et pour leur communiquer les dons de l&#8217;Esprit. Par l&#8217;Esprit, Dieu habite en nous de fa\u00e7on permanente et sa pr\u00e9sence permet l&#8217;adoration spirituelle, la sanctification personnelle et l&#8217;\u00e9dification de l&#8217;\u00c9glise. Elle nous accorde des dons spirituels pour le minist\u00e8re et nous rend capables d&#8217;\u00e9vang\u00e9liser le monde et de repousser le r\u00e8gne de Satan lorsque nous proclamons la parole de J\u00e9sus et faisons les \u0153uvres de J\u00e9sus.<\/span><\/strong><\/p>\n<p><strong><span style=\"color: #7e2295;\">NOUS CROYONS que le Saint-Esprit habite en toute personne qui croit en J\u00e9sus-Christ, qu&#8217;Il est pour toujours notre Consolateur et Soutien, notre P\u00e9dagogue et notre Guide. Nous croyons que le Saint-Esprit accorde aux fid\u00e8les sa pl\u00e9nitude ou le rev\u00eatement de sa puissance pour un service dans le monde contemporain. Cette effusion de l&#8217;Esprit est souvent une exp\u00e9rience tangible. Nous croyons que l&#8217;Esprit est \u00e0 l&#8217;\u0153uvre maintenant et que tous les dons bibliques de l&#8217;Esprit peuvent encore s&#8217;exercer. Nous pratiquons l&#8217;imposition des mains pour demander l&#8217;effusion de l&#8217;Esprit et la gu\u00e9rison et pour reconna\u00eetre le minist\u00e8re et demander l&#8217;onction de Dieu sur ceux qu&#8217;il \u00e9tablit pour conduire et servir l&#8217;\u00c9glise.<\/span><\/strong><\/p>\n<p><strong><span style=\"color: #7e2295;\">NOUS CROYONS que le Saint-Esprit a inspir\u00e9 les auteurs humains des \u00c9critures Saintes. Par cons\u00e9quent, la Bible est sans erreur dans ses manuscrits originaux. Nous reconnaissons dans les soixante-six livres de l&#8217;Ancien et du Nouveau Testament notre autorit\u00e9 supr\u00eame et absolue, la seule norme infaillible pour notre foi et sa mise en pratique.<\/span><\/strong><\/p>\n<p><strong><span style=\"color: #7e2295;\">NOUS CROYONS que le monde entier est sous la domination de Satan et que l&#8217;\u00eatre humain est p\u00e9cheur par nature et par choix. Tous sont donc coupables selon le jugement \u00e9quitable de Dieu. Gr\u00e2ce \u00e0 la pr\u00e9dication de la Bonne Nouvelle de J\u00e9sus et du royaume de Dieu et \u00e0 l&#8217;\u0153uvre du Saint-Esprit, Dieu r\u00e9g\u00e9n\u00e8re, justifie, adopte et sanctifie par J\u00e9sus et l&#8217;Esprit Saint tous ceux qui se repentent de leurs p\u00e9ch\u00e9s et se confient en J\u00e9sus-Christ comme leur Seigneur et Sauveur. De cette fa\u00e7on, ils sont tous lib\u00e9r\u00e9s de la domination de Satan et entrent dans le royaume de Dieu.<\/span><\/strong><\/p>\n<p><strong><span style=\"color: #7e2295;\">NOUS CROYONS en la Sainte \u00c9glise, unie et universelle. Tous ceux qui se repentent de leurs p\u00e9ch\u00e9s et confessent J\u00e9sus comme Seigneur et Sauveur sont r\u00e9g\u00e9n\u00e9r\u00e9s par l&#8217;Esprit- Saint et constituent le Corps de Christ dont Il est la t\u00eate et dont nous sommes les membres.<\/span><\/strong><\/p>\n<p><strong><span style=\"color: #7e2295;\">NOUS CROYONS que J\u00e9sus-Christ a confi\u00e9 \u00e0 l&#8217;\u00c9glise deux ordonnances: le bapt\u00eame d&#8217;eau et la Sainte C\u00e8ne. Tous les croyants ont libre acc\u00e8s aux deux.<\/span><\/strong><\/p>\n<p><strong><span style=\"color: #7e2295;\">NOUS CROYONS que le royaume de Dieu est venu parmi nous par le minist\u00e8re de notre Seigneur J\u00e9sus-Christ, qu&#8217;il continue \u00e0 venir par le minist\u00e8re du Saint-Esprit \u00e0 travers l&#8217;\u00c9glise et qu&#8217;il trouvera son accomplissement final dans le retour glorieux, visible et triomphant de Christ &#8211; son retour sur la terre comme Roi. Le retour de Christ Roi sera accompagn\u00e9 de la d\u00e9faite finale de Satan, de tous ses supp\u00f4ts et de ses \u0153uvres, de la r\u00e9surrection des morts, du jugement final ainsi que de la b\u00e9n\u00e9diction \u00e9ternelle des justes et de la punition \u00e9ternelle et perceptible des m\u00e9chants. Finalement, Dieu sera tout en tout et en tous. Son royaume, sa souverainet\u00e9 et son r\u00e8gne trouveront leur accomplissement dans les nouveaux cieux et la nouvelle terre qu&#8217;Il recr\u00e9era par sa toute-puissance et o\u00f9 la justice habitera et o\u00f9 Dieu Lui-m\u00eame sera ador\u00e9 \u00e0 jamais.<\/span><\/strong><\/p>\n<p><strong><span style=\"color: #7e2295;\">\u00a0<a href=\"http:\/\/lavigne-france.com\/wp-content\/uploads\/2012\/05\/CONFESSION-DE-FOI-2011.doc\"><span style=\"color: #7e2295;\">CONFESSION DE FOI, Eglises de la Vigne, France<\/span><\/a><\/span><\/strong><\/p>\n","protected":false},"excerpt":{"rendered":"<p>CONFESSION DE FOI Des Eglises de la Vigne NOUS CROYONS que Dieu est le Roi \u00e9ternel. Il est un Esprit infini, invariable, parfait en saintet\u00e9, en sagesse, en bont\u00e9, en justice, en puissance et en amour. Il est de toute &hellip; <a href=\"https:\/\/lavigne-france.com\/?page_id=57&#038;lang=fr\">Continue reading <span class=\"meta-nav\">&rarr;<\/span><\/a><\/p>\n","protected":false},"author":2719,"featured_media":0,"parent":129,"menu_order":0,"comment_status":"closed","ping_status":"closed","template":"","meta":{"footnotes":""},"class_list":["post-57","page","type-page","status-publish","hentry"],"_links":{"self":[{"href":"https:\/\/lavigne-france.com\/index.php?rest_route=\/wp\/v2\/pages\/57","targetHints":{"allow":["GET"]}}],"collection":[{"href":"https:\/\/lavigne-france.com\/index.php?rest_route=\/wp\/v2\/pages"}],"about":[{"href":"https:\/\/lavigne-france.com\/index.php?rest_route=\/wp\/v2\/types\/page"}],"author":[{"embeddable":true,"href":"https:\/\/lavigne-france.com\/index.php?rest_route=\/wp\/v2\/users\/2719"}],"replies":[{"embeddable":true,"href":"https:\/\/lavigne-france.com\/index.php?rest_route=%2Fwp%2Fv2%2Fcomments&post=57"}],"version-history":[{"count":6,"href":"https:\/\/lavigne-france.com\/index.php?rest_route=\/wp\/v2\/pages\/57\/revisions"}],"predecessor-version":[{"id":882,"href":"https:\/\/lavigne-france.com\/index.php?rest_route=\/wp\/v2\/pages\/57\/revisions\/882"}],"up":[{"embeddable":true,"href":"https:\/\/lavigne-france.com\/index.php?rest_route=\/wp\/v2\/pages\/129"}],"wp:attachment":[{"href":"https:\/\/lavigne-france.com\/index.php?rest_route=%2Fwp%2Fv2%2Fmedia&parent=57"}],"curies":[{"name":"wp","href":"https:\/\/api.w.org\/{rel}","templated":true}]}}